s digit of l?
1
Let c(l) = l**3 + 48*l**2 + 130*l - 41. What is the hundreds digit of c(-27)?
7
What is the ten thousands digit of (80/(-25))/((-5)/34675)?
2
Let p(q) = -7*q**3 - 15*q**2 - 22*q - 22. Let z(o) = 6*o**3 + 13*o**2 + 23*o + 23. Let h(l) = -4*p(l) - 5*z(l). What is the units digit of h(-6)?
7
Let f = -813 + 398. Let m = -249 - f. What is the units digit of m?
6
Suppose -658*u = -9425789 - 6125330 - 8323095. What is the ten thousands digit of u?
3
What is the ten thousands digit of (180921/52 + 1/(-1) + -7)*8?
2
Suppose 3*g - 35 = -5*j, 4*g - g - 33 = -3*j. Suppose -z - z = -g, -3*z = -3*r + 201. What is the tens digit of (-24)/r - 2*614/(-12)?
0
Let j(q) = 144*q**3 - 10*q**2 + 8*q - 4. What is the thousands digit of j(3)?
3
Suppose 4*h = -2*q + 708, -3*q - 40 + 924 = 5*h. Let v = h + 14. Suppose 366 = v*f - 190*f. What is the tens digit of f?
8
Let r(k) = 34*k**3 + 7*k**2 + 34*k - 61. What is the thousands digit of r(7)?
2
Let z be 2 + (15 + -15)/(2/2). Suppose -3*g - 3*h = z*g - 2616, 2092 = 4*g + 2*h. What is the units digit of g?
2
Suppose 3 = 2*r - 7. Suppose r*j - 2*l - 14 = 19, 9 = j - l. Let h(g) = 42*g + 50. What is the units digit of h(j)?
0
Suppose 11710 = 2*u + 3*u. Suppose -294 - u = -4*q. What is the tens digit of q?
5
Suppose -1920 = -4*i + 2*j, -2*i = 2*i - 3*j - 1922. Suppose 5*u + 3*h = 2029, 2*u - 3*h - 341 - i = 0. What is the units digit of u?
7
Let n be 3/((63/6)/(-7)). What is the units digit of 3508/10 - n - (-4)/20?
3
Suppose -155*w - 260*w - 95940 + 504300 = 0. What is the hundreds digit of w?
9
Let r = 50 + -47. Suppose -327 = -3*k + 2*z - r*z, 2*k = -2*z + 222. What is the hundreds digit of k?
1
Let q(o) = 109*o**2 - 62*o - 247. Suppose -16 = 2*y + 2*x, 5*y - x = 7*y + 12. What is the units digit of q(y)?
5
What is the hundreds digit of -3 + (48 + 58)*(0 + 2)?
2
Suppose -2*d + 4*y + 6014 = 0, -2*d + 3*y + 726 = -5294. What is the thousands digit of d?
3
Suppose -7*r - 9*r - 949561 = -47*r. What is the hundreds digit of r?
6
Let m(x) = -3*x - 3. Let q be m(-7). What is the units digit of -11*q/(-495) - (-1638)/5?
8
Suppose -118*b = 13*b + 57*b - 277864. What is the units digit of b?
8
Suppose 0 = -3*t - 2*y + 26898, 5*t + 1106*y - 44822 = 1104*y. What is the tens digit of t?
6
Let w be 6*(-2)/(-30) - ((-1210)/(-25) - -3). Let x = -70 + 145. Let c = w + x. What is the units digit of c?
4
Let q(d) be the second derivative of -14*d + 2*d**2 + 2/3*d**3 + 0. What is the units digit of q(18)?
6
Let a be 0*(-7)/35 - (-1 + 1). Suppose a*r + 5*r = 0. Suppose -91 = -2*b - 3*j, -b - 4*b + 3*j + 175 = r. What is the units digit of b?
8
Suppose 0 = -5*f + 7*f - 628. Suppose -4*k = 446 + f. What is the units digit of k/(-20)*(-1 + 5)?
8
Let b(k) = 62*k**2 + 23*k + 124. What is the tens digit of b(12)?
2
What is the units digit of (8704/(-24))/((4/(-16))/(36/32))?
2
Let g(s) = -s + 11. Let n be g(3). Suppose -3*m - 4 = -3*d + n*d, -3*m + 10 = -2*d. Suppose -3*w = m*z - 166, w + 2*z = 6*z + 32. What is the tens digit of w?
5
Let l = -14892 + 27042. What is the ten thousands digit of l?
1
Suppose 3*k + 444 = 450. What is the units digit of (1 - k*-2) + (-7 - -189)?
7
Suppose -2*f - 12 = 0, 29*z = 30*z + 4*f - 21763. What is the ten thousands digit of z?
2
Let i(t) = 2*t**3 - 4*t**2 - 5*t + 30. Suppose m = 4*m - 12. What is the units digit of i(m)?
4
Suppose -6*l + 42 + 6 = 0. Let h(a) = 7*a + 19. Let j be h(l). Suppose 0 = 2*u + 4*d - 58, -5*d + 2*d = 3*u - j. What is the units digit of u?
1
Suppose -3*x + 9 = 5*o, 2*x + 4*o = -3*x + 15. Let s(f) = -2*f**x + 3*f**3 - 54 + 0*f**3 - 29*f + 22*f**2. What is the units digit of s(-23)?
4
Let x = -2873 + 13851. What is the thousands digit of x?
0
Let f(i) = -569*i - 2131. What is the thousands digit of f(-7)?
1
Suppose 3*g - 4*x + 1835 = 0, -g - x = -0*x + 614. Let w = g + 1136. What is the tens digit of w?
2
Let t(n) = 2*n**2 - 11*n - 17. Let b be t(-6). Let z = b - 38. Suppose -4*g + z = c + g, -415 = -5*c - 2*g. What is the tens digit of c?
8
Let k = -291 + 293. Suppose -w + 276 + 22 = i, -k*w = -4*i + 1210. What is the tens digit of i?
0
Let z = -8 - -13. Let s(j) = 4*j**2 + 9*j - 26. Let v be s(-8). Suppose 5*q + v = z*u - 2*u, 4*u + 3*q = 172. What is the tens digit of u?
4
Let l(r) = -2*r**3 - 34*r**2 + 34*r - 179. What is the tens digit of l(-25)?
7
Let y be (-1)/3 - 70/(-21). Suppose 0 = s + y*s - z - 18, 4*s + z = 22. Suppose 0 = -4*i - 3*w + 297, i = -3*i + s*w + 337. What is the units digit of i?
8
Let d(k) = 29*k**3 + 8*k**2 - 5*k - 243. What is the thousands digit of d(12)?
0
Let g = 184 - 181. Suppose -5*r - 157 = -6*r. Suppose -3*n + 3*d + r = -275, -3*n - g*d = -444. What is the hundreds digit of n?
1
Let w be (-27)/6*(-40)/18. Suppose w*v = -3*v + 52. Suppose -562 = -7*g + 2*g - q, 5*q - 458 = -v*g. What is the hundreds digit of g?
1
Suppose -5*t = 67*i - 64*i - 47109, -7*i = 2*t - 18861. What is the units digit of t?
0
Suppose 4*a + 3*g - 199 = 2*a, 5*g = -3*a + 301. Let r = 96 - a. Suppose 0 = -4*y, -3*v + r*v = -5*y + 73. What is the tens digit of v?
7
Let q be 1/(6/9)*(-8)/(-6). Suppose 3*k - f - f = 425, -q*k - 3*f = -292. What is the hundreds digit of k?
1
Suppose 0 = 6*m - 38 + 20. Suppose 5*w - 6*j - 43 = -m*j, -4*j + 4 = w. What is the units digit of (-3)/4 - (-294)/w?
6
What is the thousands digit of -9 + (718344/12)/11?
5
Let z be 1/(6/(-15))*-6. What is the hundreds digit of 4701/15 - (-1)/(z/9)?
3
Let t(a) = 1079*a**2 + 129*a + 260. What is the hundreds digit of t(-2)?
3
What is the thousands digit of 7129 - ((-212)/44 - -5)*11?
7
Suppose -25*q + 4 = -26*q. What is the tens digit of (15 + 1185)*(-2)/q?
0
Let t be 1/2*(9 - 8)*6. Suppose -t*g = -5*i - 2436, -8*i = -5*g - 3*i + 4070. What is the units digit of g?
7
Suppose 17*c + 12980 - 75642 = 0. Suppose -c = -23*l + 8987. What is the units digit of l?
1
Suppose c - 105 + 222 = 0. Let r be (1/(-3))/(13/c). Suppose r*f - 223 + 10 = -2*w, 2*f = -2. What is the units digit of w?
8
Suppose 51*y - 2*y = 313551. What is the hundreds digit of y?
3
Let u be 1/(0 + 3) - (-3465)/135. Suppose -25*y - 351 = -u*y. What is the hundreds digit of y?
3
Suppose 67*s - 145*s = -701220. What is the units digit of s?
0
Let p(t) = -t**2 - 3*t. Let r be p(-4). Let q be (r - -2*4)/2. Suppose x + q*a = 87, 3*a + 152 = 4*x - 152. What is the units digit of x?
9
Let k = -17 - -187. Suppose -18*c = -16*c - k. What is the tens digit of c?
8
Let o(g) = 124*g**2 - 32*g - 356. What is the tens digit of o(-16)?
0
Let m(k) = -10*k + 63. Let g be m(6). Suppose g*c = -39 + 30. What is the units digit of 5 - (-215 - (c - -4))?
1
Let f = -744 - -2886. Suppose 13*p = 22*p - f. What is the tens digit of p?
3
Let o(s) = 2*s**2 + 4*s**2 - 4*s**2 + 26 + 17*s. Let n(d) = -d**3 - 13*d**2 - 13*d - 24. Let t be n(-12). What is the tens digit of o(t)?
1
Suppose -5*c - 4*i + 151 + 519 = 0, 3*c + 4*i - 394 = 0. Suppose 7*b + c = 432. Let w = b - 8. What is the units digit of w?
4
Let r(s) = -s**2 - 12*s + 6. Let q be r(-6). Let c = q - 37. Suppose -584 = -9*n + c*n. What is the hundreds digit of n?
1
Let v be -6 - (-2557 - (-3 + -2)). Suppose 5*d + 2*y - v = 0, 5*d - 2556 = 5*y - 2*y. What is the hundreds digit of d?
5
Let k = -46 + 45. What is the tens digit of 58 - -16 - (k - -1)?
7
Let r(u) be the second derivative of 0 - 3/2*u**2 + 3*u - 3/2*u**3 + 1/12*u**4. What is the units digit of r(10)?
7
Let p(a) = 127*a - 217. What is the tens digit of p(2)?
3
Suppose 80*x + 2475 = 83*x. Let n = 470 - x. What is the tens digit of (1 - -2)*n/(-15)?
7
Let o = -17141 - -36026. What is the thousands digit of o?
8
Let o(d) = d**2 + 5*d - 57. Let a be o(6). Suppose -16*i = -a*i - 4333. What is the tens digit of i?
1
Let d(o) be the second derivative of -o**5/20 + 671*o**2/2 - 7*o + 11. What is the hundreds digit of d(0)?
6
Let m = 18260 + -10685. Suppose -19*k + m = -4*k. What is the units digit of k?
5
Suppose -4*f - 24355 = -5*h, 5*h - 4*h - 4877 = 2*f. What is the hundreds digit of h?
8
Let f(s) = s**3 + 16*s**2 - 18*s - 13. Let a be f(-17). Suppose a = -2*j + 4*j. Suppose -16 = j*c - 5*d, 5*d = -3*c - 17 + 43. What is the units digit of c?
2
Suppose -5 - 8 = -a. Let f = 13 - a. What is the units digit of (-3)/(6/(-140)) - f/2?
0
What is the ten thous